46. What is the remainder when 46 is divided by j?
10
Let o = 48 - 21. What is the remainder when 79 is divided by o?
25
Suppose -4*l + 2*n + 266 = 0, 3*n = -l + 3*l - 127. What is the remainder when l is divided by 36?
32
Suppose s - 2 = 1. Suppose 27 = s*c + 90. Let j = 51 + c. Calculate the remainder when j is divided by 16.
14
Let t = 79 + -41. Suppose -3*d - 2*a + 26 = 0, -a = 4*d + a - t. What is the remainder when 1 + -2 + 38 + -2 is divided by d?
11
Let j = 43 + -65. Let t = -31 - -66. Let b = t + j. Calculate the remainder when 25 is divided by b.
12
Let n(a) = a**3 + 12*a**2 + 12*a - 7. Let w = 94 - 10. Let v = w + -59. Calculate the remainder when n(-10) is divided by v.
23
Let x = 6 - 6. What is the remainder when x - 2/((-6)/69) is divided by 8?
7
Suppose -3*g = -2*d + 19 + 18, 3*d - 5*g - 58 = 0. What is the remainder when 31 is divided by d?
9
Calculate the remainder when 709/5 + 18/90 is divided by 24.
22
Let n be 0 - 3/((-3)/4). Suppose -3*j + 22 + 16 = -n*b, 2*j + 3*b + 3 = 0. What is the remainder when 10 is divided by j?
4
Let n = -61 + 85. What is the remainder when 70 is divided by n?
22
Let p = 30 - 5. What is the remainder when p is divided by 13?
12
Let t(p) = 4*p**2 + 1. Let i be t(1). Suppose -i*v = 2*l - 26, -2*l + l = -4*v + 26. Calculate the remainder when 15 is divided by v.
3
Let l(a) = 2*a**3 - a**2 - 4*a - 9. Let c(g) = -3*g**3 + g**2 + 5*g + 10. Let y(h) = -3*c(h) - 4*l(h). What is the remainder when 22 is divided by y(0)?
4
Let k(l) = 6 - 5*l - 3*l**2 + 2*l**2 + l + 0*l**2. Let d be k(-5). Calculate the remainder when (22 - 1)*(d - 0) is divided by 12.
9
Let i(m) = 22*m + 4. What is the remainder when i(2) is divided by 25?
23
Let b(v) = -v + 10. Let c be b(-8). What is the remainder when c + 14 - (0 + -2) is divided by 13?
8
Let y(o) = -o**2 - 10*o - 8. Let q be y(-8). Suppose 2*w - q = -0*w. Suppose 0 = -3*s + w*s - 28. What is the remainder when s is divided by 15?
13
Suppose a = d + 27, a + 84 = 4*a - 4*d. What is the remainder when 47 is divided by a?
23
Calculate the remainder when 213/(-9)*15/(-5) is divided by 12.
11
Let i(h) = 2*h**2 + 4*h - 8. Calculate the remainder when i(4) is divided by 22.
18
Let u(d) = -d**2 - 9*d - 11. Let x be u(-5). Let r = x - 5. What is the remainder when 7 is divided by r?
3
Let s(y) = -2*y - 4. Let v = -28 - -64. Let j = 51 - v. Calculate the remainder when j is divided by s(-6).
7
Suppose 8*a - 34 - 54 = 0. Calculate the remainder when 2 + -1 - 20/(-1) is divided by a.
10
Let m(g) = -g**3 + 13*g**2 + 5*g - 21. Let q = -20 + 35. Calculate the remainder when m(13) is divided by q.
14
Let q(d) = 2*d**2 + 42*d + 17. Suppose -2*y - 2*y = 108. Let f = y + 48. Calculate the remainder when q(-22) is divided by f.
19
Calculate the remainder when 91 is divided by 21/(-14)*46/(-3).
22
Suppose -5*f - 4 - 1 = -y, -4*y - 2*f = -130. Let v = y - 15. Suppose 0 = -s + 9 - 3. What is the remainder when v is divided by s?
3
What is the remainder when 2/(-16)*-4*74 is divided by 10?
7
Let c(p) = 3 + p**2 + p - 4 + 4*p**2. Suppose 0 = 3*v, h - v - 3*v + 2 = 0. What is the remainder when 32 is divided by c(h)?
15
Let x = 69 + -63. Calculate the remainder when 17 is divided by x.
5
Let o(f) = 2*f**2 + 3*f - 17. What is the remainder when 52 + 2 + 0 + -1 is divided by o(-5)?
17
Let m(t) = t**2 + t + 2. Let p be m(0). Suppose -2 = -r + h, -4*r + 4 = -p*r - 4*h. Calculate the remainder when 4 is divided by r.
0
Suppose -16 = f - 5*f. Suppose 36 = 4*x + 4*l, 2 = 2*x - f*l - 34. What is the remainder when 23 is divided by x?
11
Let j(a) = -a + 8. Let g be j(6). Suppose -5*f + 14 = 4. Suppose 0 = -2*h + l + 4, -g*h - 2*l = -3*h + f. Calculate the remainder when h is divided by 1.
0
Let r be 2*-1 + 182/7. Suppose r = j - 74. What is the remainder when j is divided by 25?
23
Let m(n) = n**2 - 4*n + 7. Let w be m(3). Suppose -w*i + 84 = -0*i. What is the remainder when i is divided by 6?
3
Let z(p) = -p**2 - 5*p - 2. Let g(k) = k**2 - k - 5. Let b be g(0). Let u(c) = c**3 + 4*c**2 - 8*c - 4. Calculate the remainder when u(b) is divided by z(-3).
3
Let f = -5 - -20. Let x(y) = -y**2 - 12*y - 7. Calculate the remainder when x(-5) is divided by f.
13
Let i = 0 + 0. Suppose i = -7*m + 3*m. Let n = 11 - m. What is the remainder when 21 is divided by n?
10
Let s = -3 - 21. What is the remainder when (16/s)/(2/(-3)) is divided by 14/10 + (-2)/5?
0
Let w(j) = 49*j + 19. Calculate the remainder when w(3) is divided by 14.
12
Let d(h) = h**2 + 2*h. Let n be d(-3). Suppose -n*j + u + 2 + 6 = 0, -u = 2. What is the remainder when (-1)/2*5*-2 is divided by j?
1
Let w be (24/(-15))/(3/45). Calculate the remainder when 47 is divided by (18/4)/(w/(-128)).
23
Suppose -3*y + 8*y = 0. Suppose -2 - 2 = -h. Suppose -5*l + 2*k + 155 = y, l + h*k - 6 = 3. What is the remainder when l is divided by 10?
9
Suppose -10 = 5*u, 0*u = -4*k + 5*u + 46. Let a = -9 - -11. Suppose q - 25 = 5*s, -8 = 5*q + a*s - 25. What is the remainder when k is divided by q?
4
Let y(o) = 5*o**2 + 2*o + 3. Let x = 11 + 79. Let a = -36 + x. What is the remainder when a is divided by y(-2)?
16
Let i(g) = -g**3 - g. Let v be i(0). Suppose -z = -v*z - 4. Suppose -4*p + 36 = 4*a, 6 = -5*p - z. Calculate the remainder when 20 is divided by a.
9
Let b(h) = 26*h + 4. Calculate the remainder when b(6) is divided by 18.
16
Let z(d) = d**2 + 2*d + 2. Calculate the remainder when 29 is divided by z(-4).
9
Let q(w) = 10*w + 42. Suppose -3*v + 4*z + 101 = 0, 3*v + 2*z - z - 106 = 0. Calculate the remainder when v is divided by q(-3).
11
Let a be (90/(-3))/(4/6). Let v = a + 72. Calculate the remainder when v is divided by 7.
6
What is the remainder when 35 is divided by (-1)/2 + 18/4 + 5?
8
Suppose u + 3*u + 30 = -3*t, -2*t + 8 = -2*u. Let h be u - (-3 + 1) - 0. Let r(b) = 2*b**2 + 6*b + 3. What is the remainder when 41 is divided by r(h)?
8
Let d = 3 - 3. Let n(q) = 24*q. Let i be n(8). Suppose -3*a + d*a + i = 0. Calculate the remainder when a is divided by 22.
20
Let j(v) = v**2 - 4*v - 1. Let m be j(5). Let t = 9 - m. Suppose -3*d = 5*o - 45 + t, 3*d - 16 = -2*o. What is the remainder when 15 is divided by o?
7
Suppose -2*f = -4*y + 2, -4*y - 21 = -7*y - 5*f. Suppose -h - 1 = -3. Calculate the remainder when (9/6)/(1/h) is divided by y.
1
Suppose 6*n - 4 = 2*n. Let l be 0/(-1)*(-3)/6. Calculate the remainder when (-2 + l)/(-1) + -1 is divided by n.
0
Suppose 5*z = -0*z + 65. Suppose 0 = -2*s + 73 + z. Let x(u) = 2*u**2 - 3. What is the remainder when s is divided by x(-3)?
13
Calculate the remainder when 45 is divided by (-8)/(-5)*30/4.
9
Let y(l) = l**2 - l + 4. Let x be y(3). Let o(j) = j + 10. What is the remainder when 58 is divided by o(x)?
18
Let o(p) = 2*p + 4. Suppose -2*n = -4*n - 6. Let f be o(n). Let a(d) = 6*d**2 + 4*d + 3. Calculate the remainder when a(f) is divided by 10.
9
Let q(s) = -s**3 + 10*s**2 - 6*s - 13. Suppose 0*n = -2*n - 3*r + 18, 27 = 3*n - 3*r. Let d = 86 + -45. Calculate the remainder when d is divided by q(n).
13
Let t(x) = 3*x**2 + x + 1. Let b be t(-3). Suppose -b - 8 = -3*v. Calculate the remainder when v is divided by 4.
3
Suppose 2*x + 2*x = 24. Suppose 3*w = -12, k + 3*k - 4*w - 28 = 0. Suppose k*y + x = 18. What is the remainder when 11 is divided by y?
3
Let y = 35 - -76. Calculate the remainder when y is divided by 38.
35
Suppose 11 = f - 11. Calculate the remainder when f is divided by 6.
4
Let z = 11 + -2. Suppose -28 = -x - 11. Calculate the remainder when x is divided by z.
8
Suppose 2*a + 3*n - 28 = 0, -8 = 3*n - 7*n. Calculate the remainder when 41 is divided by a.
8
Let x(g) = -3*g - 7. Calculate the remainder when 39 is divided by x(-5).
7
Let d(z) = 37*z**3 - z**2 - z + 1. Calculate the remainder when 68 is divided by d(1).
32
Let b = 21 + -8. Let u = -32 - -37. Calculate the remainder when b is divided by u.
3
Suppose -6 - 20 = -2*r. Calculate the remainder when r is divided by 7.
6
Let a = 8 + -3. Suppose 0 = 3*q - 12, -4*l = q - 0 - 16. Let y = -1 + l. What is the remainder when a is divided by y?
1
Suppose 3*j - 127 = -4*i + 4*j, -150 = -5*i + 3*j. What is the remainder when i is divided by 12?
9
Let y be 0/(-1)*(0 + -1). Suppose y = -3*d + 62 + 13. What is the remainder when d is divided by 2 + -7*(2